lse
Is 11595991 a composite number?
True
Is 173395 a composite number?
True
Is 33544579 a prime number?
True
Is 7115651 a composite number?
False
Is 2785121 prime?
False
Is 6237277 a prime number?
True
Is 170473313 composite?
True
Is 92418473 a composite number?
True
Is 27493591 prime?
False
Is 45643901 a composite number?
False
Is 201277 a composite number?
True
Is 11219653 a prime number?
False
Is 245987579 composite?
True
Is 17513 a composite number?
True
Is 557831 a prime number?
True
Is 29166153 a composite number?
True
Is 128919889 a prime number?
False
Is 5764061 prime?
True
Is 15421487 prime?
True
Is 12579187 a prime number?
False
Is 6428647 prime?
True
Is 11034509 a composite number?
False
Is 705389 a prime number?
True
Is 5547097 a prime number?
False
Is 7476373 a prime number?
False
Is 17907667 prime?
False
Is 21138877 prime?
False
Is 3903461 prime?
True
Is 654761 a prime number?
False
Is 8334653 a composite number?
True
Is 24205759 a composite number?
True
Is 761680583 prime?
True
Is 13562629 a composite number?
False
Is 39788171 composite?
False
Is 1815382 composite?
True
Is 6640057 composite?
True
Is 397163071 a composite number?
True
Is 87212953 composite?
True
Is 139933897 a composite number?
True
Is 1675699 a composite number?
True
Is 161532859 composite?
False
Is 5007157 prime?
True
Is 1263767 prime?
True
Is 47501381 prime?
False
Is 457477489 a prime number?
False
Is 522811 a prime number?
True
Is 36397241 a composite number?
False
Is 292183706 a prime number?
False
Is 126689 composite?
True
Is 72954931 a prime number?
False
Is 27734567 prime?
False
Is 10355119 a prime number?
True
Is 77229911 a prime number?
False
Is 1019971 a composite number?
False
Is 36822991 a composite number?
False
Is 341611949 a composite number?
True
Is 2830021 prime?
False
Is 19115281 prime?
False
Is 12421741 a composite number?
True
Is 100693 composite?
False
Is 280241797 composite?
True
Is 5380987 a composite number?
False
Is 60881 a prime number?
False
Is 637859 composite?
True
Is 26296967 a composite number?
True
Is 868177561 a composite number?
True
Is 54993791 prime?
True
Is 328633495 prime?
False
Is 12792953 a prime number?
False
Is 143989493 a prime number?
True
Is 1154723 prime?
True
Is 86215553 prime?
True
Is 109362991 a composite number?
True
Is 3421547 composite?
True
Is 7712501 a composite number?
False
Is 554315 a prime number?
False
Is 5124194 a prime number?
False
Is 435768847 composite?
True
Is 46980257 a prime number?
False
Is 461171 a composite number?
False
Is 23882137 composite?
True
Is 13241513 a composite number?
False
Is 52405105 a prime number?
False
Is 115967569 a prime number?
True
Is 9501347 prime?
True
Is 4259053 composite?
False
Is 290221 a prime number?
False
Is 232924733 a prime number?
True
Is 1289963 composite?
False
Is 2396057 a prime number?
True
Is 2173981 prime?
True
Is 1857026417 prime?
False
Is 26915953 a composite number?
False
Is 96608861 a prime number?
True
Is 43131883 prime?
True
Is 5787161 prime?
False
Is 7640821 composite?
False
Is 2436929 a composite number?
True
Is 437512497 prime?
False
Is 6116493 a composite number?
True
Is 80641439 a composite number?
True
Is 7721339 a prime number?
True
Is 10402199 a composite number?
False
Is 305985991 a prime number?
True
Is 68943367 a composite number?
False
Is 1718107 a prime number?
True
Is 4436477 a composite number?
False
Is 7330495 a prime number?
False
Is 2637889 a prime number?
False
Is 546020305 prime?
False
Is 335417 composite?
False
Is 40881983 composite?
False
Is 285595271 prime?
False
Is 43586923 composite?
False
Is 1586309 a composite number?
False
Is 613140781 a composite number?
True
Is 444135793 prime?
False
Is 2928647 a composite number?
False
Is 332945771 a composite number?
False
Is 71464969 a prime number?
False
Is 1297517 a prime number?
False
Is 84047333 prime?
True
Is 20808371 a prime number?
False
Is 203212487 a composite number?
False
Is 63955169 prime?
False
Is 70314781 a composite number?
True
Is 210326383 a prime number?
True
Is 109595419 composite?
True
Is 55763 prime?
True
Is 6352063 a prime number?
False
Is 330013 prime?
False
Is 12376477 prime?
True
Is 759476459 composite?
True
Is 1782283 prime?
False
Is 103981247 a prime number?
True
Is 219208021 composite?
False
Is 4039537 a prime number?
True
Is 6828067 prime?
False
Is 69874201 a prime number?
True
Is 394802381 a prime number?
False
Is 15955189 prime?
False
Is 5985307 a prime number?
True
Is 19545907 prime?
False
Is 92412167 composite?
False
Is 341756407 a prime number?
True
Is 50346577 a prime number?
False
Is 7493281 a prime number?
False
Is 799003 a composite number?
False
Is 2316287 a composite number?
False
Is 116213 a prime number?
False
Is 1107443 composite?
True
Is 3687119 composite?
False
Is 139407001 prime?
True
Is 10686983 composite?
False
Is 37842073 a prime number?
True
Is 244317379 composite?
True
Is 204101 a prime number?
True
Is 5789437 a composite number?
False
Is 517797431 composite?
False
Is 37380001 composite?
False
Is 21386567 prime?
True
Is 1169249 composite?
False
Is 241045607 a composite number?
True
Is 1021621 composite?
False
Is 12268937 a composite number?
True
Is 12465137 a prime number?
False
Is 1555495 prime?
False
Is 27713761 a composite number?
True
Is 74384933 prime?
False
Is 34486693 a prime number?
False
Is 166043289 composite?
True
Is 5700641 prime?
False
Is 21594833 a composite number?
True
Is 11392937 prime?
True
Is 4968109 a composite number?
False
Is 173074693 a prime number?
False
Is 64796623 composite?
True
Is 102209039 a composite number?
False
Is 4195349 prime?
True
Is 1462751 composite?
False
Is 1200921 composite?
True
Is 6179771 a composite number?
True
Is 607323 a prime number?
False
Is 3011503 prime?
False
Is 682789 a composite number?
False
Is 39348263 composite?
False
Is 481343 a composite number?
False
Is 19498207 a composite number?
False
Is 1630169 composite?
False
Is 581597 a prime number?
True
Is 10973341 a composite number?
True
Is 14171558 a composite number?
True
Is 2494021 a composite number?
True
Is 4205507 a composite number?
False
Is 52429387 a composite number?
False
Is 112590589 prime?
False
Is 39994459 a composite number?
True
Is 32999 a composite number?
False
Is 2288879 composite?
False
Is 340477 prime?
True
Is 57997703 a composite number?
True
Is 2317387 prime?
True
Is 118894129 a prime number?
True
Is 78730363 prime?
True
Is 334617251 a prime number?
False
Is 902587 a composite number?
True
Is 34120061 composite?
False
Is 160134347 prime?
True
Is 249280993 composite?
True
Is 3120373 a prime number?
True
Is 4388689 prime?
True
Is 13776167 a prime number?
True
Is 5232553 a prime number?
True
Is 15187483 a prime number?
True
Is 142074719 composite?
False
Is 2386283 a composite number?
False
Is 5099617 composite?
False
Is 741723 prime?
False
Is 27182839 composite?
False
Is 31685953 composite?
True
Is 44996363 a composite number?
False
Is 34496337 a composite number?
True
Is 11222447 a composite number?
False
Is 337485077 a prime number?
False
Is 297143611 a prime number?
True
Is 5448011 a composite number?
False
Is 91308967 a prime number?
False
Is 179857039 prime?
False
Is 960259 prime?
True
Is 409370291 composite?
True
Is 1563307 composite?
True
Is 5478371 a composite number?
False
Is 76460887 a composite number?
False
Is 466209947 prime?
False
Is 418981 a prime number?
True
Is 35805857 a prime number?
False
Is 1969267 composite?
True
Is 8205811 a prime number?
False
Is 2312599 a prime number?
False
Is 1582277 composite?
True
Is 3608939 a composite number?
False
Is 84450251 a prime number?
True
Is 2751241 prime?
True
Is 4454033 prime?
False
Is 45343803 prime?
False
Is 69229453 prime?
True
Is 177283 composite?
False
Is 2746739 a prime number?
True
Is 53111 composite?
True
Is 1356953 composite?
True
Is 682727 prime?
False
Is 4679247 composite?
True
Is 14689321 prime?
False
Is 1698943 a prime number?
True
Is 14239301 a composite number?
False
Is 156007 prime?
True
Is 24465349 a prime number?
True
Is 3151535 prime?
False
Is 995479 prime?
False
Is 982807 a composite number?
True
Is 44799221 composite?
False
Is 1051318349 a prime number?
True
Is 19572929 a composite number?
False
Is 1464619 a composite number?
T